is the highest common factor of 10 and d?
10
Suppose -2*n - 4 = 2*n. Let y be (1 - (-2 - n - 17)) + -3. Calculate the highest common divisor of y and 4.
4
Let y be 0 + 1 + 42 + -1. Let i = 123 + -109. What is the greatest common factor of i and y?
14
Let h be (-187)/((4 + -8)/4). What is the greatest common divisor of 22 and h?
11
Let a be (-9 + -3)*3/(-2). Suppose 0 = -10*f + 5*f - 75. Let z be (-288)/(-2)*f/(-20). Calculate the greatest common divisor of z and a.
18
Suppose -4*w + 202 = -246. Calculate the highest common factor of 84 and w.
28
Suppose -2*z - 5*r = -5*z + 45, 5*z = -r + 75. Let w be 1/(1/14) - 4. Calculate the highest common factor of w and z.
5
Let g be -2*1*988/(-152). What is the greatest common divisor of g and 169?
13
Let p = 17 - 5. Let u = -37 - -40. Suppose -s = 3*s - 3*a - 51, -u*s = -5*a - 41. Calculate the highest common factor of s and p.
12
Suppose -32*k - 7*k + 33696 = 0. Calculate the greatest common divisor of 64 and k.
32
Let b = 27 + -7. Suppose j + 2 = 27*s - 28*s, 10 = -2*s - 3*j. Calculate the greatest common divisor of s and b.
4
Let q be (228/(-20) - -4)/((-10)/950). Calculate the greatest common factor of 19 and q.
19
Let p(r) = 38*r - 52. Let h be p(-13). Let b be 6/(-8) - (-2)/((-48)/h). Calculate the highest common divisor of b and 44.
22
Suppose -2*w + 2 = -12. Let o be 8/2 - (3 - 2). Suppose -i = 3*x + 5, 3*i = -0*i - o*x - 3. What is the highest common divisor of w and i?
1
Let m = 52 + -30. Suppose -o - 610 = -3*z + o, 0 = -z - 4*o + 222. Suppose 0 = 7*s - 25 - z. Calculate the greatest common factor of s and m.
11
Suppose -589 = 425*f - 444*f. Suppose -z + 6*z - 155 = 0. Calculate the greatest common divisor of f and z.
31
Let r = 311 + -113. Suppose -a + 0 = -18. What is the greatest common divisor of r and a?
18
Let a = 659 - -234. What is the highest common factor of 47 and a?
47
Let w(n) = n**3 - 7*n + 2. Let v be w(2). Let a be (18 - 12)/(v/(-6)). Calculate the highest common factor of a and 99.
9
Let x(m) = -2*m**2 - 13*m - 2. Let n = -4 - 2. Let r be x(n). Let c be ((-121)/44)/((-1)/r). What is the highest common divisor of c and 44?
11
Let q(p) = 87*p**3 - p + 2. Let v be -2*19/4*2. Let w = v + 20. Let a be q(w). What is the highest common factor of a and 11?
11
Let d = -6 - -51. Suppose -3*i + d = -4*a, -2*i + 6*a - 2*a = -34. Let w = 25 - 14. Calculate the greatest common divisor of w and i.
11
Let o = 76 - 49. Suppose 10*w = -4*w + 1134. What is the highest common factor of w and o?
27
Let b be ((-1312)/(-10) + -10)*(-30)/(-4). Calculate the greatest common factor of 9 and b.
9
Suppose -4*f + 46 = 4*j - 46, -2*j + 5*f + 53 = 0. Let v be 2/(-6) - (-16)/12. Let u be 21/3 - (0 + v). Calculate the highest common factor of u and j.
6
Suppose -4*w + 915 = -125. Calculate the highest common divisor of 120 and w.
20
Suppose 36*g - 37*g + 20 = 0. What is the highest common divisor of 320 and g?
20
Let l be (80/(-35))/4 + 1956/42. Suppose -q = -0*q - 69. What is the highest common factor of q and l?
23
Let t(w) = w**3 - 11*w**2 + 9*w + 5. Let g be t(10). Let k = g - -40. Calculate the greatest common divisor of k and 7.
7
Suppose -2*j = -2*f + 56, 2*j + 0*j + 4*f + 56 = 0. Let g(z) = z**3 + 27*z**2 - 28*z + 10. Let b be g(j). Calculate the highest common factor of 110 and b.
10
Suppose 0 = l + l - 124. Let f = -22 + l. Let j(n) = 56*n**2 + 2*n + 2. Let k be j(1). Calculate the greatest common divisor of f and k.
20
Let d(f) = 5*f**2 - 2*f + 1. Let u be d(1). Suppose -q - 2*q - 64 = -4*j, -u*j = 2*q - 84. Calculate the greatest common divisor of j and 57.
19
Let p = -144 + 180. What is the highest common factor of 4 and p?
4
Suppose 0 = -21*c + 17*c + 28. Calculate the greatest common divisor of 203 and c.
7
Let q = 37 - 47. Let a be -1 - 25/q*34. What is the greatest common divisor of a and 12?
12
Let y(a) = -a**2 - 25*a - 43. Let n be y(-16). Suppose 5*h + n - 271 = 0. Calculate the greatest common divisor of h and 68.
34
Let l(n) = n + 5. Let w be l(-5). Suppose 0 = -w*h + 5*h - 25. Suppose 2*p + 6*d = d + 29, -4*p + 53 = h*d. Calculate the highest common divisor of 36 and p.
12
Let w = 2460 - 2343. What is the greatest common divisor of 65 and w?
13
Suppose -11*z + 8*z - 4*k = -236, 5*k + 85 = z. Calculate the highest common divisor of z and 48.
16
Let a = 3526 + -3518. Suppose 2 = -3*w + 5. Calculate the highest common divisor of a and w.
1
Let g be (-4)/(-10) + 66/10. Let z be 23 - ((-4 - 0) + g). What is the highest common factor of z and 10?
10
Suppose 5 = -b + 15. Let o be ((-4)/b)/(1/(-20)). Let a = -444 + 445. Calculate the greatest common factor of a and o.
1
Suppose 2*d + 110 = 4*j, -53 = 2*j - 4*j - d. Suppose -z - 2*u + j = -u, 0 = 4*z - u - 83. Let y = 105 + -39. Calculate the greatest common factor of z and y.
22
Let f be ((-752)/6)/(4/(-6)). Suppose -w = -f + 71. Let z(p) = 4*p - 7. Let k be z(5). What is the highest common divisor of k and w?
13
Let s = 696 + -340. What is the greatest common divisor of s and 4?
4
Let l be ((-180)/48)/(6/(-160)). Suppose l = 4*c - 100. Let d = 3 - -7. What is the greatest common divisor of c and d?
10
Suppose -5*m + 381 = -2*z, 8*m = 3*m - 2*z + 389. Let p(v) = 6*v + 13. Let g be p(-4). Let q = 18 + g. What is the greatest common divisor of q and m?
7
Let z be 6 + 4/1 + -8. Let o be (39/(-6))/((-1)/z). Calculate the greatest common divisor of 143 and o.
13
Let o = 140 - 138. Suppose 4*x - o*x - 204 = 4*u, -4*u + 356 = 3*x. What is the highest common divisor of 14 and x?
14
Suppose y - 7 = -2*q - 0*y, -4*y = 5*q - 22. Let g(d) = 6*d**2 + d - 1. Let o be g(q). What is the greatest common divisor of o and 5?
5
Let t = -22 + 20. Let u be (-3 + 5)*t/(-4). Let b be (-7 + u)*(-5)/15. What is the greatest common factor of 4 and b?
2
Suppose a - 2*b - 142 = 0, -80 = 5*a + 4*b - 804. Let q = 2525 - 2509. What is the greatest common factor of q and a?
16
Let q = 781 + -230. Calculate the greatest common divisor of 58 and q.
29
Suppose -5*d = -4*q - 22 + 9, -q = -3. Suppose 18 + 32 = d*g. Calculate the greatest common divisor of 110 and g.
10
Let z = -20 - -19. Let l be 9 - ((-2)/z + 2). Let f = 112 + -57. What is the greatest common divisor of l and f?
5
Let y(j) = 2*j**2 + j + 6. Let t be y(5). Calculate the highest common divisor of 732 and t.
61
Let f be 14 - -2 - (-17 + 19). What is the greatest common factor of f and 161?
7
Let o = -981 - -1054. Calculate the highest common divisor of 219 and o.
73
Suppose 0 = z - 2*z + 4. Suppose -z*h - 2*i - 3 + 15 = 0, -4*i = -h - 15. Suppose -h = -4*r + 139. What is the greatest common divisor of 7 and r?
7
Let t(m) = 3*m**3 + 0*m**3 + 42*m**2 - 4*m + 3 + 3*m - 40*m**2. Let c be t(2). What is the highest common factor of c and 33?
33
Let q be 2/(-6) - (-469)/21. Let z be q/(-11) + 2 + 24. Let l be 355/30 - (-4)/z. Calculate the highest common divisor of l and 6.
6
Suppose 0 = -6*v + 21*v - 1740. Calculate the highest common factor of v and 145.
29
Let t be (294/56 - -11)/((-2)/(-8)). What is the highest common factor of 95 and t?
5
Let m(t) = t**3 - 2*t**2 + 3*t - 2. Let l be m(1). Suppose -5*j - 4*x + 111 = 0, -49 = -2*j - l*j + 3*x. What is the highest common factor of 69 and j?
23
Suppose n - 3 = 2*n. Let q be ((-32)/(-1))/2 - (-5 - n). Calculate the highest common divisor of q and 198.
18
Let f(d) = d**2 + 6*d + 12. Let k be f(4). Let t = k - 38. Calculate the greatest common factor of 28 and t.
14
Let r be 95*(4 + -3)/1. Let s be r/5*(0 - -8). Calculate the highest common factor of s and 19.
19
Let z(a) = 2*a + 36. Suppose 0 = -8*q + 5*q. Let i be z(q). Calculate the highest common factor of i and 144.
36
Suppose 4*g - g - 21 = 0. Let m = 45 + 58. Let s = m - 54. What is the highest common divisor of s and g?
7
Suppose d = 3*u + 40 - 20, 4*u = -5*d + 62. What is the greatest common factor of 8 and d?
2
Let y(k) = -3*k - 6. Let f be y(-6). Let h = -102 + -53. Let j = 287 + h. What is the greatest common factor of f and j?
12
Let r(g) = -31*g - 742. Let d be r(-24). Let t(v) = v**3 + v**2 + v + 5. Let n be t(0). Suppose 3*o = n + 13. Calculate the highest common factor of d and o.
2
Let m = 16 + -58. Let x = m + 61. Calculate the greatest common divisor of x and 95.
19
Let a = -11 - -15. Let k be a*(36/